{"id":16,"date":"2021-11-21T15:14:44","date_gmt":"2021-11-21T15:14:44","guid":{"rendered":"https:\/\/esta-poznan.pl\/index.php\/contact\/"},"modified":"2025-05-25T16:50:06","modified_gmt":"2025-05-25T16:50:06","slug":"kontakt","status":"publish","type":"page","link":"https:\/\/esta-poznan.pl\/index.php\/uslugi-ppoz-poznan\/kontakt\/","title":{"rendered":"Kontakt"},"content":{"rendered":"\t\t<div data-elementor-type=\"wp-page\" data-elementor-id=\"16\" class=\"elementor elementor-16\">\n\t\t\t\t\t\t\t\t\t<section class=\"elementor-section elementor-top-section elementor-element elementor-element-6713cc3 elementor-section-height-min-height elementor-section-boxed elementor-section-height-default elementor-section-items-middle\" data-id=\"6713cc3\" data-element_type=\"section\" data-settings=\"{&quot;background_background&quot;:&quot;classic&quot;}\">\n\t\t\t\t\t\t\t<div class=\"elementor-background-overlay\"><\/div>\n\t\t\t\t\t\t\t<div class=\"elementor-container elementor-column-gap-default\">\n\t\t\t\t\t<div class=\"elementor-column elementor-col-100 elementor-top-column elementor-element elementor-element-ddcf7e8\" data-id=\"ddcf7e8\" data-element_type=\"column\">\n\t\t\t<div class=\"elementor-widget-wrap elementor-element-populated\">\n\t\t\t\t\t\t\t\t<div class=\"elementor-element elementor-element-9654805 elementor-widget elementor-widget-heading\" data-id=\"9654805\" data-element_type=\"widget\" data-widget_type=\"heading.default\">\n\t\t\t\t<div class=\"elementor-widget-container\">\n\t\t\t<style>\/*! elementor - v3.7.4 - 31-08-2022 *\/\n.elementor-heading-title{padding:0;margin:0;line-height:1}.elementor-widget-heading .elementor-heading-title[class*=elementor-size-]>a{color:inherit;font-size:inherit;line-height:inherit}.elementor-widget-heading .elementor-heading-title.elementor-size-small{font-size:15px}.elementor-widget-heading .elementor-heading-title.elementor-size-medium{font-size:19px}.elementor-widget-heading .elementor-heading-title.elementor-size-large{font-size:29px}.elementor-widget-heading .elementor-heading-title.elementor-size-xl{font-size:39px}.elementor-widget-heading .elementor-heading-title.elementor-size-xxl{font-size:59px}<\/style><h1 class=\"elementor-heading-title elementor-size-default\">Kontakt<\/h1>\t\t<\/div>\n\t\t\t\t<\/div>\n\t\t\t\t\t<\/div>\n\t\t<\/div>\n\t\t\t\t\t\t\t<\/div>\n\t\t<\/section>\n\t\t\t\t<section class=\"elementor-section elementor-top-section elementor-element elementor-element-67f828f elementor-section-boxed elementor-section-height-default elementor-section-height-default\" data-id=\"67f828f\" data-element_type=\"section\" data-settings=\"{&quot;background_background&quot;:&quot;classic&quot;}\">\n\t\t\t\t\t\t<div class=\"elementor-container elementor-column-gap-default\">\n\t\t\t\t\t<div class=\"elementor-column elementor-col-100 elementor-top-column elementor-element elementor-element-c2e76a9\" data-id=\"c2e76a9\" data-element_type=\"column\">\n\t\t\t<div class=\"elementor-widget-wrap elementor-element-populated\">\n\t\t\t\t\t\t\t\t<section class=\"elementor-section elementor-inner-section elementor-element elementor-element-59cf71f elementor-reverse-mobile elementor-section-boxed elementor-section-height-default elementor-section-height-default\" data-id=\"59cf71f\" data-element_type=\"section\">\n\t\t\t\t\t\t<div class=\"elementor-container elementor-column-gap-default\">\n\t\t\t\t\t<div class=\"elementor-column elementor-col-50 elementor-inner-column elementor-element elementor-element-fa3a30c\" data-id=\"fa3a30c\" data-element_type=\"column\">\n\t\t\t<div class=\"elementor-widget-wrap elementor-element-populated\">\n\t\t\t\t\t\t\t\t<div class=\"elementor-element elementor-element-b29413d elementor-widget elementor-widget-heading\" data-id=\"b29413d\" data-element_type=\"widget\" data-widget_type=\"heading.default\">\n\t\t\t\t<div class=\"elementor-widget-container\">\n\t\t\t<h4 class=\"elementor-heading-title elementor-size-default\">Kontakt<\/h4>\t\t<\/div>\n\t\t\t\t<\/div>\n\t\t\t\t<div class=\"elementor-element elementor-element-b310b9b elementor-widget elementor-widget-text-editor\" data-id=\"b310b9b\" data-element_type=\"widget\" data-widget_type=\"text-editor.default\">\n\t\t\t\t<div class=\"elementor-widget-container\">\n\t\t\t<style>\/*! elementor - v3.7.4 - 31-08-2022 *\/\n.elementor-widget-text-editor.elementor-drop-cap-view-stacked .elementor-drop-cap{background-color:#818a91;color:#fff}.elementor-widget-text-editor.elementor-drop-cap-view-framed .elementor-drop-cap{color:#818a91;border:3px solid;background-color:transparent}.elementor-widget-text-editor:not(.elementor-drop-cap-view-default) .elementor-drop-cap{margin-top:8px}.elementor-widget-text-editor:not(.elementor-drop-cap-view-default) .elementor-drop-cap-letter{width:1em;height:1em}.elementor-widget-text-editor .elementor-drop-cap{float:left;text-align:center;line-height:1;font-size:50px}.elementor-widget-text-editor .elementor-drop-cap-letter{display:inline-block}<\/style>\t\t\t\t<p>in\u017c. Maciej Ajsztet<br>Tel: 536 506 353<br>e-mail: estapoznan@gmail.com<\/p><p><br><\/p>\n<p><\/p>\n<p>in\u017c. Tomasz Ajsztet<br>Tel: 696 920 415<br>e-mail: esta.bhp@gmail.com<\/p>\n<p><\/p>\t\t\t\t\t\t<\/div>\n\t\t\t\t<\/div>\n\t\t\t\t<div class=\"elementor-element elementor-element-5e2fac5 elementor-widget elementor-widget-heading\" data-id=\"5e2fac5\" data-element_type=\"widget\" data-widget_type=\"heading.default\">\n\t\t\t\t<div class=\"elementor-widget-container\">\n\t\t\t<h2 class=\"elementor-heading-title elementor-size-default\">Lokalizacja<\/h2>\t\t<\/div>\n\t\t\t\t<\/div>\n\t\t\t\t<div class=\"elementor-element elementor-element-d62a2dc elementor-widget elementor-widget-text-editor\" data-id=\"d62a2dc\" data-element_type=\"widget\" data-widget_type=\"text-editor.default\">\n\t\t\t\t<div class=\"elementor-widget-container\">\n\t\t\t\t\t\t\t<p>Pozna\u0144 ul. Stefanii Wo\u0142ynki 4<\/p><p>Mrowino ul. Leszczynowa 38<\/p><p>Miasteczko Kraje\u0144skie ul. D\u0105browskiego 10<\/p>\t\t\t\t\t\t<\/div>\n\t\t\t\t<\/div>\n\t\t\t\t\t<\/div>\n\t\t<\/div>\n\t\t\t\t<div class=\"elementor-column elementor-col-50 elementor-inner-column elementor-element elementor-element-a389ae0\" data-id=\"a389ae0\" data-element_type=\"column\">\n\t\t\t<div class=\"elementor-widget-wrap elementor-element-populated\">\n\t\t\t\t\t\t\t\t<div class=\"elementor-element elementor-element-def4623 elementor-widget elementor-widget-wpforms\" data-id=\"def4623\" data-element_type=\"widget\" data-widget_type=\"wpforms.default\">\n\t\t\t\t<div class=\"elementor-widget-container\">\n\t\t\t\r\n<style type=\"text\/css\">\r\n\r\nbody #wpforms-1495 {\r\nborder-color:#ffffff ;}\r\n\r\n\r\n\r\n\r\n\r\n\r\n\r\n\tbody #wpforms-1495 .wpforms-form .wpforms-field input[type=text],\r\n\tbody #wpforms-1495 .wpforms-form .wpforms-field input[type=email],\r\n\tbody #wpforms-1495 .wpforms-form .wpforms-field input[type=tel],\r\n\tbody #wpforms-1495 .wpforms-form .wpforms-field input[type=url],\r\n\tbody #wpforms-1495 .wpforms-form .wpforms-field input[type=password],\r\n\tbody #wpforms-1495 .wpforms-form .wpforms-field input[type=number]\r\n\t{\r\n\t\tborder-color:#0a0001 ;\t\tborder-width: 1px;\t}\r\n\tbody #wpforms-1495 .wpforms-form .wpforms-field .wpforms-field-row\r\n\t{\r\n\t\t\t}\r\n\t\r\n\r\n\tbody #wpforms-1495 .wpforms-form .wpforms-field textarea {\r\n\t\tborder-color:#0a0001 ;\t\t\tborder-width: 1px;\t\t\r\n\t}\r\n\r\n\r\n \r\n\tbody #wpforms-1495 .wpforms-form .wpforms-field label.wpforms-field-label {\r\n\t\tcolor:#0c0c0c ;\t}\r\n\r\n\/* Styling for Tablets *\/\r\n@media only screen and (max-width: 800px) and (min-width:481px) {\r\n\t\r\n\r\n\r\n\r\n}\r\n\r\n@media only screen and (max-width: 480px){\r\n\t\r\n\r\n\r\n\r\n}\r\n\/*Option to add custom CSS *\/\r\n\r\n\r\n\r\n\r\n\t\t<\/style>\r\n\t\t<div class=\"wpforms-container \" id=\"wpforms-1495\"><form id=\"wpforms-form-1495\" class=\"wpforms-validate wpforms-form wpforms-ajax-form\" data-formid=\"1495\" method=\"post\" enctype=\"multipart\/form-data\" action=\"\/index.php\/wp-json\/wp\/v2\/pages\/16\" data-token=\"b0987bb97216146af0e547e18c370b33\"><noscript class=\"wpforms-error-noscript\">Please enable JavaScript in your browser to complete this form.<\/noscript><div class=\"wpforms-field-container\"><div id=\"wpforms-1495-field_0-container\" class=\"wpforms-field wpforms-field-name\" data-field-id=\"0\"><label class=\"wpforms-field-label\" for=\"wpforms-1495-field_0\">Imi\u0119 <span class=\"wpforms-required-label\">*<\/span><\/label><input type=\"text\" id=\"wpforms-1495-field_0\" class=\"wpforms-field-medium wpforms-field-required\" name=\"wpforms[fields][0]\" required><\/div><div id=\"wpforms-1495-field_1-container\" class=\"wpforms-field wpforms-field-email\" data-field-id=\"1\"><label class=\"wpforms-field-label\" for=\"wpforms-1495-field_1\">Adres Email <span class=\"wpforms-required-label\">*<\/span><\/label><input type=\"email\" id=\"wpforms-1495-field_1\" class=\"wpforms-field-medium wpforms-field-required\" name=\"wpforms[fields][1]\" required><\/div><div id=\"wpforms-1495-field_2-container\" class=\"wpforms-field wpforms-field-textarea\" data-field-id=\"2\"><label class=\"wpforms-field-label\" for=\"wpforms-1495-field_2\">Tre\u015b\u0107 wiadomo\u015bci<\/label><textarea id=\"wpforms-1495-field_2\" class=\"wpforms-field-medium\" name=\"wpforms[fields][2]\" ><\/textarea><\/div><\/div><div class=\"wpforms-submit-container\"><input type=\"hidden\" name=\"wpforms[id]\" value=\"1495\"><input type=\"hidden\" name=\"wpforms[author]\" value=\"1\"><button type=\"submit\" name=\"wpforms[submit]\" id=\"wpforms-submit-1495\" class=\"wpforms-submit\" data-alt-text=\"Wysy\u0142anie...\" data-submit-text=\"Wy\u015blij\" aria-live=\"assertive\" value=\"wpforms-submit\">Wy\u015blij<\/button><img decoding=\"async\" src=\"https:\/\/esta-poznan.pl\/wp-content\/plugins\/wpforms-lite\/assets\/images\/submit-spin.svg\" class=\"wpforms-submit-spinner\" style=\"display: none;\" width=\"26\" height=\"26\" alt=\"Loading\"><\/div><\/form><\/div>  <!-- .wpforms-container -->\t\t<\/div>\n\t\t\t\t<\/div>\n\t\t\t\t\t<\/div>\n\t\t<\/div>\n\t\t\t\t\t\t\t<\/div>\n\t\t<\/section>\n\t\t\t\t\t<\/div>\n\t\t<\/div>\n\t\t\t\t\t\t\t<\/div>\n\t\t<\/section>\n\t\t\t\t<section class=\"elementor-section elementor-top-section elementor-element elementor-element-14a5879 elementor-section-boxed elementor-section-height-default elementor-section-height-default\" data-id=\"14a5879\" data-element_type=\"section\">\n\t\t\t\t\t\t<div class=\"elementor-container elementor-column-gap-default\">\n\t\t\t\t\t<div class=\"elementor-column elementor-col-100 elementor-top-column elementor-element elementor-element-a95a2dc\" data-id=\"a95a2dc\" data-element_type=\"column\">\n\t\t\t<div class=\"elementor-widget-wrap elementor-element-populated\">\n\t\t\t\t\t\t\t\t<div class=\"elementor-element elementor-element-da69bca elementor-widget elementor-widget-image\" data-id=\"da69bca\" data-element_type=\"widget\" data-widget_type=\"image.default\">\n\t\t\t\t<div class=\"elementor-widget-container\">\n\t\t\t<style>\/*! elementor - v3.7.4 - 31-08-2022 *\/\n.elementor-widget-image{text-align:center}.elementor-widget-image a{display:inline-block}.elementor-widget-image a img[src$=\".svg\"]{width:48px}.elementor-widget-image img{vertical-align:middle;display:inline-block}<\/style>\t\t\t\t\t\t\t\t\t\t\t\t<img decoding=\"async\" width=\"609\" height=\"139\" src=\"https:\/\/esta-poznan.pl\/wp-content\/uploads\/2022\/10\/logo-esta-e1665330918459.png\" class=\"attachment-medium_large size-medium_large\" alt=\"\" srcset=\"https:\/\/esta-poznan.pl\/wp-content\/uploads\/2022\/10\/logo-esta-e1665330918459.png 609w, https:\/\/esta-poznan.pl\/wp-content\/uploads\/2022\/10\/logo-esta-e1665330918459-300x68.png 300w, https:\/\/esta-poznan.pl\/wp-content\/uploads\/2022\/10\/logo-esta-e1665330918459-220x50.png 220w\" sizes=\"(max-width: 609px) 100vw, 609px\" \/>\t\t\t\t\t\t\t\t\t\t\t\t\t\t\t<\/div>\n\t\t\t\t<\/div>\n\t\t\t\t\t<\/div>\n\t\t<\/div>\n\t\t\t\t\t\t\t<\/div>\n\t\t<\/section>\n\t\t\t\t\t\t\t<\/div>\n\t\t","protected":false},"excerpt":{"rendered":"<p>Kontakt Kontakt in\u017c. Maciej AjsztetTel: 536 506 353e-mail: estapoznan@gmail.com in\u017c. Tomasz AjsztetTel: 696 920 415e-mail: esta.bhp@gmail.com Lokalizacja Pozna\u0144 ul. Stefanii Wo\u0142ynki 4 Mrowino ul. Leszczynowa 38 Miasteczko Kraje\u0144skie ul. D\u0105browskiego 10<\/p>\n","protected":false},"author":1,"featured_media":0,"parent":1318,"menu_order":0,"comment_status":"closed","ping_status":"closed","template":"elementor_header_footer","meta":{"_monsterinsights_skip_tracking":false,"_monsterinsights_sitenote_active":false,"_monsterinsights_sitenote_note":"","_monsterinsights_sitenote_category":0,"site-sidebar-layout":"no-sidebar","site-content-layout":"page-builder","ast-global-header-display":"","ast-main-header-display":"","ast-hfb-above-header-display":"","ast-hfb-below-header-display":"","ast-hfb-mobile-header-display":"","site-post-title":"disabled","ast-breadcrumbs-content":"","ast-featured-img":"disabled","footer-sml-layout":"","theme-transparent-header-meta":"enabled","adv-header-id-meta":"","stick-header-meta":"","header-above-stick-meta":"","header-main-stick-meta":"","header-below-stick-meta":"","footnotes":""},"yoast_head":"<!-- This site is optimized with the Yoast SEO plugin v19.7.2 - https:\/\/yoast.com\/wordpress\/plugins\/seo\/ -->\n<title>Kontakt | ESTA - Us\u0142ugi BHP i PPO\u017b Pozna\u0144<\/title>\n<meta name=\"description\" content=\"Kontakt | ESTA - Us\u0142ugi BHP i PPO\u017b Pozna\u0144 | Szkolenia BHP | Instrukcje Bezpiecze\u0144stwa po\u017carowego | Zapraszamy do kontaktu!\" \/>\n<meta name=\"robots\" content=\"index, follow, max-snippet:-1, max-image-preview:large, max-video-preview:-1\" \/>\n<link rel=\"canonical\" href=\"https:\/\/esta-poznan.pl\/index.php\/uslugi-ppoz-poznan\/kontakt\/\" \/>\n<meta property=\"og:locale\" content=\"en_US\" \/>\n<meta property=\"og:type\" content=\"article\" \/>\n<meta property=\"og:title\" content=\"Kontakt | ESTA - Us\u0142ugi BHP i PPO\u017b Pozna\u0144\" \/>\n<meta property=\"og:description\" content=\"Kontakt | ESTA - Us\u0142ugi BHP i PPO\u017b Pozna\u0144 | Szkolenia BHP | Instrukcje Bezpiecze\u0144stwa po\u017carowego | Zapraszamy do kontaktu!\" \/>\n<meta property=\"og:url\" content=\"https:\/\/esta-poznan.pl\/index.php\/uslugi-ppoz-poznan\/kontakt\/\" \/>\n<meta property=\"og:site_name\" content=\"ESTA - US\u0141UGI PPO\u017b i BHP Pozna\u0144 | Instrukcje bezpiecze\u0144stwa po\u017carowego | Szkolenia BHP Pozna\u0144 | Przegl\u0105dy ga\u015bnic\" \/>\n<meta property=\"article:publisher\" content=\"https:\/\/www.facebook.com\/EstaTomaszAjsztet\" \/>\n<meta property=\"article:modified_time\" content=\"2025-05-25T16:50:06+00:00\" \/>\n<meta property=\"og:image\" content=\"https:\/\/esta-poznan.pl\/wp-content\/uploads\/2022\/10\/logo-esta-e1665330918459.png\" \/>\n<meta name=\"twitter:card\" content=\"summary_large_image\" \/>\n<meta name=\"twitter:label1\" content=\"Est. reading time\" \/>\n\t<meta name=\"twitter:data1\" content=\"1 minute\" \/>\n<script type=\"application\/ld+json\" class=\"yoast-schema-graph\">{\"@context\":\"https:\/\/schema.org\",\"@graph\":[{\"@type\":\"WebPage\",\"@id\":\"https:\/\/esta-poznan.pl\/index.php\/uslugi-ppoz-poznan\/kontakt\/\",\"url\":\"https:\/\/esta-poznan.pl\/index.php\/uslugi-ppoz-poznan\/kontakt\/\",\"name\":\"Kontakt | ESTA - Us\u0142ugi BHP i PPO\u017b Pozna\u0144\",\"isPartOf\":{\"@id\":\"https:\/\/esta-poznan.pl\/#website\"},\"datePublished\":\"2021-11-21T15:14:44+00:00\",\"dateModified\":\"2025-05-25T16:50:06+00:00\",\"description\":\"Kontakt | ESTA - Us\u0142ugi BHP i PPO\u017b Pozna\u0144 | Szkolenia BHP | Instrukcje Bezpiecze\u0144stwa po\u017carowego | Zapraszamy do kontaktu!\",\"breadcrumb\":{\"@id\":\"https:\/\/esta-poznan.pl\/index.php\/uslugi-ppoz-poznan\/kontakt\/#breadcrumb\"},\"inLanguage\":\"en-US\",\"potentialAction\":[{\"@type\":\"ReadAction\",\"target\":[\"https:\/\/esta-poznan.pl\/index.php\/uslugi-ppoz-poznan\/kontakt\/\"]}]},{\"@type\":\"BreadcrumbList\",\"@id\":\"https:\/\/esta-poznan.pl\/index.php\/uslugi-ppoz-poznan\/kontakt\/#breadcrumb\",\"itemListElement\":[{\"@type\":\"ListItem\",\"position\":1,\"name\":\"Home\",\"item\":\"https:\/\/esta-poznan.pl\/\"},{\"@type\":\"ListItem\",\"position\":2,\"name\":\"Strona g\u0142\u00f3wna\",\"item\":\"https:\/\/esta-poznan.pl\/\"},{\"@type\":\"ListItem\",\"position\":3,\"name\":\"Kontakt\"}]},{\"@type\":\"WebSite\",\"@id\":\"https:\/\/esta-poznan.pl\/#website\",\"url\":\"https:\/\/esta-poznan.pl\/\",\"name\":\"ESTA - US\u0141UGI PPO\u017b i BHP Pozna\u0144 | Instrukcje bezpiecze\u0144stwa po\u017carowego | Szkolenia BHP Pozna\u0144 | Przegl\u0105dy ga\u015bnic\",\"description\":\"ESTA - US\u0141UGI PPO\u017b i BHP Pozna\u0144 | Instrukcje bezpiecze\u0144stwa po\u017carowego | Szkolenia BHP Pozna\u0144 | Przegl\u0105dy ga\u015bnic\",\"publisher\":{\"@id\":\"https:\/\/esta-poznan.pl\/#organization\"},\"potentialAction\":[{\"@type\":\"SearchAction\",\"target\":{\"@type\":\"EntryPoint\",\"urlTemplate\":\"https:\/\/esta-poznan.pl\/?s={search_term_string}\"},\"query-input\":\"required name=search_term_string\"}],\"inLanguage\":\"en-US\"},{\"@type\":\"Organization\",\"@id\":\"https:\/\/esta-poznan.pl\/#organization\",\"name\":\"ESTA - US\u0141UGI PPO\u017b i BHP Pozna\u0144 | Instrukcje bezpiecze\u0144stwa po\u017carowego | Szkolenia BHP Pozna\u0144 | Przegl\u0105dy ga\u015bnic\",\"url\":\"https:\/\/esta-poznan.pl\/\",\"sameAs\":[\"https:\/\/www.facebook.com\/EstaTomaszAjsztet\"],\"logo\":{\"@type\":\"ImageObject\",\"inLanguage\":\"en-US\",\"@id\":\"https:\/\/esta-poznan.pl\/#\/schema\/logo\/image\/\",\"url\":\"https:\/\/esta-poznan.pl\/wp-content\/uploads\/2022\/10\/logo-esta-e1665330918459.png\",\"contentUrl\":\"https:\/\/esta-poznan.pl\/wp-content\/uploads\/2022\/10\/logo-esta-e1665330918459.png\",\"width\":609,\"height\":139,\"caption\":\"ESTA - US\u0141UGI PPO\u017b i BHP Pozna\u0144 | Instrukcje bezpiecze\u0144stwa po\u017carowego | Szkolenia BHP Pozna\u0144 | Przegl\u0105dy ga\u015bnic\"},\"image\":{\"@id\":\"https:\/\/esta-poznan.pl\/#\/schema\/logo\/image\/\"}}]}<\/script>\n<!-- \/ Yoast SEO plugin. -->","yoast_head_json":{"title":"Kontakt | ESTA - Us\u0142ugi BHP i PPO\u017b Pozna\u0144","description":"Kontakt | ESTA - Us\u0142ugi BHP i PPO\u017b Pozna\u0144 | Szkolenia BHP | Instrukcje Bezpiecze\u0144stwa po\u017carowego | Zapraszamy do kontaktu!","robots":{"index":"index","follow":"follow","max-snippet":"max-snippet:-1","max-image-preview":"max-image-preview:large","max-video-preview":"max-video-preview:-1"},"canonical":"https:\/\/esta-poznan.pl\/index.php\/uslugi-ppoz-poznan\/kontakt\/","og_locale":"en_US","og_type":"article","og_title":"Kontakt | ESTA - Us\u0142ugi BHP i PPO\u017b Pozna\u0144","og_description":"Kontakt | ESTA - Us\u0142ugi BHP i PPO\u017b Pozna\u0144 | Szkolenia BHP | Instrukcje Bezpiecze\u0144stwa po\u017carowego | Zapraszamy do kontaktu!","og_url":"https:\/\/esta-poznan.pl\/index.php\/uslugi-ppoz-poznan\/kontakt\/","og_site_name":"ESTA - US\u0141UGI PPO\u017b i BHP Pozna\u0144 | Instrukcje bezpiecze\u0144stwa po\u017carowego | Szkolenia BHP Pozna\u0144 | Przegl\u0105dy ga\u015bnic","article_publisher":"https:\/\/www.facebook.com\/EstaTomaszAjsztet","article_modified_time":"2025-05-25T16:50:06+00:00","og_image":[{"url":"https:\/\/esta-poznan.pl\/wp-content\/uploads\/2022\/10\/logo-esta-e1665330918459.png"}],"twitter_card":"summary_large_image","twitter_misc":{"Est. reading time":"1 minute"},"schema":{"@context":"https:\/\/schema.org","@graph":[{"@type":"WebPage","@id":"https:\/\/esta-poznan.pl\/index.php\/uslugi-ppoz-poznan\/kontakt\/","url":"https:\/\/esta-poznan.pl\/index.php\/uslugi-ppoz-poznan\/kontakt\/","name":"Kontakt | ESTA - Us\u0142ugi BHP i PPO\u017b Pozna\u0144","isPartOf":{"@id":"https:\/\/esta-poznan.pl\/#website"},"datePublished":"2021-11-21T15:14:44+00:00","dateModified":"2025-05-25T16:50:06+00:00","description":"Kontakt | ESTA - Us\u0142ugi BHP i PPO\u017b Pozna\u0144 | Szkolenia BHP | Instrukcje Bezpiecze\u0144stwa po\u017carowego | Zapraszamy do kontaktu!","breadcrumb":{"@id":"https:\/\/esta-poznan.pl\/index.php\/uslugi-ppoz-poznan\/kontakt\/#breadcrumb"},"inLanguage":"en-US","potentialAction":[{"@type":"ReadAction","target":["https:\/\/esta-poznan.pl\/index.php\/uslugi-ppoz-poznan\/kontakt\/"]}]},{"@type":"BreadcrumbList","@id":"https:\/\/esta-poznan.pl\/index.php\/uslugi-ppoz-poznan\/kontakt\/#breadcrumb","itemListElement":[{"@type":"ListItem","position":1,"name":"Home","item":"https:\/\/esta-poznan.pl\/"},{"@type":"ListItem","position":2,"name":"Strona g\u0142\u00f3wna","item":"https:\/\/esta-poznan.pl\/"},{"@type":"ListItem","position":3,"name":"Kontakt"}]},{"@type":"WebSite","@id":"https:\/\/esta-poznan.pl\/#website","url":"https:\/\/esta-poznan.pl\/","name":"ESTA - US\u0141UGI PPO\u017b i BHP Pozna\u0144 | Instrukcje bezpiecze\u0144stwa po\u017carowego | Szkolenia BHP Pozna\u0144 | Przegl\u0105dy ga\u015bnic","description":"ESTA - US\u0141UGI PPO\u017b i BHP Pozna\u0144 | Instrukcje bezpiecze\u0144stwa po\u017carowego | Szkolenia BHP Pozna\u0144 | Przegl\u0105dy ga\u015bnic","publisher":{"@id":"https:\/\/esta-poznan.pl\/#organization"},"potentialAction":[{"@type":"SearchAction","target":{"@type":"EntryPoint","urlTemplate":"https:\/\/esta-poznan.pl\/?s={search_term_string}"},"query-input":"required name=search_term_string"}],"inLanguage":"en-US"},{"@type":"Organization","@id":"https:\/\/esta-poznan.pl\/#organization","name":"ESTA - US\u0141UGI PPO\u017b i BHP Pozna\u0144 | Instrukcje bezpiecze\u0144stwa po\u017carowego | Szkolenia BHP Pozna\u0144 | Przegl\u0105dy ga\u015bnic","url":"https:\/\/esta-poznan.pl\/","sameAs":["https:\/\/www.facebook.com\/EstaTomaszAjsztet"],"logo":{"@type":"ImageObject","inLanguage":"en-US","@id":"https:\/\/esta-poznan.pl\/#\/schema\/logo\/image\/","url":"https:\/\/esta-poznan.pl\/wp-content\/uploads\/2022\/10\/logo-esta-e1665330918459.png","contentUrl":"https:\/\/esta-poznan.pl\/wp-content\/uploads\/2022\/10\/logo-esta-e1665330918459.png","width":609,"height":139,"caption":"ESTA - US\u0141UGI PPO\u017b i BHP Pozna\u0144 | Instrukcje bezpiecze\u0144stwa po\u017carowego | Szkolenia BHP Pozna\u0144 | Przegl\u0105dy ga\u015bnic"},"image":{"@id":"https:\/\/esta-poznan.pl\/#\/schema\/logo\/image\/"}}]}},"_links":{"self":[{"href":"https:\/\/esta-poznan.pl\/index.php\/wp-json\/wp\/v2\/pages\/16"}],"collection":[{"href":"https:\/\/esta-poznan.pl\/index.php\/wp-json\/wp\/v2\/pages"}],"about":[{"href":"https:\/\/esta-poznan.pl\/index.php\/wp-json\/wp\/v2\/types\/page"}],"author":[{"embeddable":true,"href":"https:\/\/esta-poznan.pl\/index.php\/wp-json\/wp\/v2\/users\/1"}],"replies":[{"embeddable":true,"href":"https:\/\/esta-poznan.pl\/index.php\/wp-json\/wp\/v2\/comments?post=16"}],"version-history":[{"count":41,"href":"https:\/\/esta-poznan.pl\/index.php\/wp-json\/wp\/v2\/pages\/16\/revisions"}],"predecessor-version":[{"id":2334,"href":"https:\/\/esta-poznan.pl\/index.php\/wp-json\/wp\/v2\/pages\/16\/revisions\/2334"}],"up":[{"embeddable":true,"href":"https:\/\/esta-poznan.pl\/index.php\/wp-json\/wp\/v2\/pages\/1318"}],"wp:attachment":[{"href":"https:\/\/esta-poznan.pl\/index.php\/wp-json\/wp\/v2\/media?parent=16"}],"curies":[{"name":"wp","href":"https:\/\/api.w.org\/{rel}","templated":true}]}}